{"id":118,"date":"2023-02-07T09:45:48","date_gmt":"2023-02-07T08:45:48","guid":{"rendered":"http:\/\/www.scaffthermos.fr\/?page_id=118"},"modified":"2023-02-07T10:14:39","modified_gmt":"2023-02-07T09:14:39","slug":"notre-mission","status":"publish","type":"page","link":"http:\/\/www.scaffthermos.fr\/index.php\/notre-mission\/","title":{"rendered":"Notre mission"},"content":{"rendered":"\n<p>S\u00e9curit\u00e9<\/p>\n\n\n\n<p><strong>Selon la conception et\/ou l\u2019utilisation des \u00e9chafaudages, il peut subsister un risque. Ce risque, nous le d\u00e9gageons de vos pr\u00e9occupations lors de sa mise en place.&nbsp;<\/strong><\/p>\n\n\n\n<p><strong>En r\u00e9alisant le\u00a0montage et d\u00e9montage par nos \u00e9quipes exp\u00e9riment\u00e9es, nous vous apportons ainsi notre exp\u00e9rience et notre savoir-faire pour garantir la s\u00e9curit\u00e9 de vos chantiers<\/strong>.<\/p>\n\n\n\n<p>SATISFACTION <\/p>\n\n\n\n<p><strong>Vos chantiers cl\u00e9 en main, du relev\u00e9 \u00e0 la r\u00e9ception, en passant par la&nbsp;conception. Ayez l\u2019assurance que votre \u00e9chafaudage soit adapt\u00e9 aux prestations de votre m\u00e9tier.<\/strong><\/p>\n\n\n\n<p><strong>Notre \u00e9quipe veillera \u00e0 r\u00e9aliser de mani\u00e8re optimale votre \u00e9chafaudage, vous apportera le conseil n\u00e9cessaire et un suivi adapt\u00e9.<\/strong><\/p>\n\n\n\n<p>Respect des d\u00e9lais <\/p>\n\n\n\n<p><strong>Parce que notre discipline est essentielle aux autres corps de m\u00e9tiers. Il est de notre devoir de livrer un \u00e9chafaudage mont\u00e9 aux normes fran\u00e7aises de s\u00e9curit\u00e9.&nbsp;<\/strong><\/p>\n\n\n\n<p><strong>La bonne qualit\u00e9 de nos r\u00e9alisations dans le respect des d\u00e9lais pr\u00e9vus est notre premier but.<\/strong><\/p>\n","protected":false},"excerpt":{"rendered":"<p>S\u00e9curit\u00e9 Selon la conception et\/ou l\u2019utilisation des \u00e9chafaudages, il peut subsister un risque. Ce risque, nous le d\u00e9gageons de vos pr\u00e9occupations lors de sa mise en place.&nbsp; En r\u00e9alisant le\u00a0montage et d\u00e9montage par nos \u00e9quipes exp\u00e9riment\u00e9es, nous vous apportons ainsi notre exp\u00e9rience et notre savoir-faire pour garantir la s\u00e9curit\u00e9 de vos chantiers. SATISFACTION Vos chantiers [&hellip;]<\/p>\n","protected":false},"author":1,"featured_media":0,"parent":0,"menu_order":0,"comment_status":"closed","ping_status":"closed","template":"","meta":{"_themeisle_gutenberg_block_has_review":false,"footnotes":""},"class_list":["post-118","page","type-page","status-publish","hentry"],"_links":{"self":[{"href":"http:\/\/www.scaffthermos.fr\/index.php\/wp-json\/wp\/v2\/pages\/118","targetHints":{"allow":["GET"]}}],"collection":[{"href":"http:\/\/www.scaffthermos.fr\/index.php\/wp-json\/wp\/v2\/pages"}],"about":[{"href":"http:\/\/www.scaffthermos.fr\/index.php\/wp-json\/wp\/v2\/types\/page"}],"author":[{"embeddable":true,"href":"http:\/\/www.scaffthermos.fr\/index.php\/wp-json\/wp\/v2\/users\/1"}],"replies":[{"embeddable":true,"href":"http:\/\/www.scaffthermos.fr\/index.php\/wp-json\/wp\/v2\/comments?post=118"}],"version-history":[{"count":2,"href":"http:\/\/www.scaffthermos.fr\/index.php\/wp-json\/wp\/v2\/pages\/118\/revisions"}],"predecessor-version":[{"id":127,"href":"http:\/\/www.scaffthermos.fr\/index.php\/wp-json\/wp\/v2\/pages\/118\/revisions\/127"}],"wp:attachment":[{"href":"http:\/\/www.scaffthermos.fr\/index.php\/wp-json\/wp\/v2\/media?parent=118"}],"curies":[{"name":"wp","href":"https:\/\/api.w.org\/{rel}","templated":true}]}}